 30. Let u(q) = -q**2 - 7*q + 7. Let r be u(j). Calculate the highest common divisor of 35 and r.
7
Suppose 3*f = p - 0*p - 10, -4 = 2*f. Suppose -p*b + 143 + 37 = 0. Calculate the highest common divisor of 5 and b.
5
Suppose 5*b - 17 = 53. What is the greatest common divisor of 98 and b?
14
Let r(p) = 4*p - 2. Let c be r(4). Let l be 6/((1/2)/1). Suppose 4*o = l, -o - c = -2*t + 9. What is the greatest common factor of 26 and t?
13
Let j(a) be the second derivative of a**5/20 + 13*a**4/12 - 7*a**3/3 + 3*a**2/2 - 4*a. Let b be j(-14). Calculate the highest common divisor of b and 1.
1
Suppose 0 = -2*n - 2*n + 96. Calculate the highest common factor of n and 60.
12
Let r be (-4)/6 + (-1070)/(-30). What is the greatest common factor of r and 315?
35
Let j = -10 + 15. Let k be ((-115)/20)/(1/(-16)). Let h = 132 - k. Calculate the greatest common divisor of j and h.
5
Let s(n) = 15*n**2 - 2*n - 1. Let i be s(1). What is the highest common divisor of 12 and i?
12
Suppose 0 = -4*i + 20 + 44. Let u = -32 + 14. Let z be (-1)/(1 + u/i). Calculate the highest common divisor of 2 and z.
2
Let n = -8 - -21. Let j be (3 - (-1 - -1)) + 1. Let g be 29*j - (0 - 1). Calculate the greatest common divisor of n and g.
13
Let c(u) = 42*u + 3. Let h = 7 - 12. Let p be c(h). Let b = -72 - p. What is the greatest common factor of b and 15?
15
Let k = -13 - -3. Let d = k + 28. Suppose -7*w + 769 + 365 = 0. Calculate the greatest common factor of d and w.
18
Suppose -4*c + 5*x + 7 = -0*c, -3*c + 3*x = -6. Calculate the greatest common factor of c and 33.
3
Let n be (92/16 + -1)/((-2)/(-24)). What is the greatest common factor of n and 19?
19
Let n(a) = -8*a - 30. Let g be n(-9). Calculate the highest common factor of 28 and g.
14
Suppose 5 = 3*b - 16. Suppose t = -m + 79, -2*m - 2*m = -4*t - 300. What is the greatest common factor of m and b?
7
Let u(q) = -q**3 - 9*q**2 + 10*q + 4. Let w be u(-10). Suppose w*b - 89 = -21. What is the highest common divisor of 85 and b?
17
Suppose -2*b - 18 = -5*x, -5*b + 22 = 3*x + 5. Suppose 0 = t + 3*d - 7 - b, -4*t - d = -87. Calculate the highest common divisor of t and 161.
23
Suppose 3*h + 0*p - 246 = 3*p, 5*p = 3*h - 236. Calculate the greatest common factor of 58 and h.
29
Let u be ((-1 - -1)*1)/3. Suppose u = -2*g - o - 4*o + 9, -2*g = -2*o - 2. Suppose -9 = g*s - 27. What is the highest common factor of s and 36?
9
Suppose -5*p = -8*p + 6. Let c = -29 + 51. What is the highest common factor of c and p?
2
Suppose -3*q = -1 - 5. Let k = 11 + q. Calculate the greatest common factor of k and 104.
13
Suppose 2 = 4*c - 2*i - 10, 3*c + 4*i + 2 = 0. Let y be 57/12 + 2/8. Calculate the greatest common factor of y and c.
1
Let u = 47 + -37. Calculate the greatest common divisor of 10 and u.
10
Let l(o) = -o**3 + 7*o**2 - 9*o - 4. Suppose 4*m - 4*n - 25 = n, 2*m - n = 11. Let a be l(m). Calculate the highest common divisor of a and 1.
1
Let w(k) = 55*k**2 - 2*k - 1. Let z be w(-1). Let v be -5*((-42)/5)/3. What is the highest common factor of v and z?
14
Let m = -16 + 26. Suppose 0 = -2*r + 14 + m. What is the greatest common divisor of r and 8?
4
Let l be (-6)/9 - 11/(-3). Suppose -l*k = 2*k - 15. Calculate the greatest common divisor of k and 1.
1
Suppose -3*a + 0*a = 4*p + 8, 3*p - 5*a - 23 = 0. What is the greatest common divisor of p and 11?
1
Let t = -3 - -9. What is the highest common factor of 15 and t?
3
Let f be (2 - -7)/(-3) - 1. Let a be (-3)/((f/(-28))/(-1)). Calculate the greatest common factor of a and 3.
3
Suppose 4*t = 2*t + 44. Calculate the greatest common factor of t and 33.
11
Suppose -20*h + 17*h = -306. What is the highest common divisor of 34 and h?
34
Let f(x) = -x**3 - 3*x**2 + 6*x + 3. Let v be f(-4). Let n = v + 10. Calculate the greatest common factor of 25 and n.
5
Let t = -52 + 160. Let v = 11 + 7. What is the greatest common divisor of v and t?
18
Suppose -2*a + 4*z = 2, 2*a - 4 - 3 = z. Calculate the greatest common factor of a and 15.
5
Let f(w) = 2*w - 9. Let j be f(6). Suppose -2 = 4*q - 14. Suppose 0 = 4*m - q*h - 0*h - 72, -61 = -j*m + 4*h. Calculate the greatest common factor of 3 and m.
3
Suppose q - 11 = -3*y - 2, -19 = -y + 5*q. Suppose -y*k + 6 = -10. Suppose -6 + k = -t. Calculate the greatest common factor of 1 and t.
1
Suppose 0*o - 4*o = -24. Suppose o*a - 5 = 5*a. What is the highest common factor of a and 15?
5
Let s(f) = -f**2 + 8*f - 4. Let y be s(6). What is the highest common divisor of y and 80?
8
Let r be 1/((-1 + 0)/(-1)). Let z be (3 + -7)/(r/(-3)). Let q = z + -8. What is the greatest common divisor of 12 and q?
4
Let b = 0 - -4. Suppose 4*g = 2*w + 24, -g + 2*w - b*w - 4 = 0. Calculate the highest common factor of g and 1.
1
Suppose -u = 3*u + 12. Let o be u/6 - 162/(-4). Calculate the greatest common divisor of 60 and o.
20
Let u = 14 - 1. Suppose g - 5*c + u = 5*g, 5*g + c = 32. Calculate the greatest common divisor of g and 7.
7
Let h(p) be the first derivative of 64*p**3/3 - p + 1. Let l be h(1). What is the greatest common factor of l and 9?
9
Suppose -2 - 10 = -i - o, 3*i + 4*o - 40 = 0. Calculate the highest common factor of 32 and i.
8
Let l(i) = 2*i - 3. Let r be l(4). Suppose 4*z - 5*p - 5 = -2, r = 5*p. Calculate the greatest common factor of 10 and z.
2
Let k be 14/(-21) + 3112/(-3). Let r be (-2)/(-13) - k/13. Calculate the highest common divisor of 16 and r.
16
Let v(s) = 25*s - 7. Let z be v(7). Calculate the greatest common factor of z and 24.
24
Let z be (24/(-10))/((-2)/15). Suppose -22 - z = 5*a. Let n be (5/(-4) - 2)*a. What is the greatest common divisor of 39 and n?
13
Let w be (-146)/(-12) - (-3)/(-18). Let q(v) = v**2 - 13*v + 16. Let z be q(w). Calculate the greatest common factor of 8 and z.
4
Suppose 5*h + 4*r = 30, 24 = 4*h + 3*r - 0*r. Suppose 5*q + 0*q = 270. What is the greatest common factor of h and q?
6
Let z = -7 + 5. Let g be 4/(-2)*3/z. Calculate the highest common factor of 12 and g.
3
Suppose 4*l = l - 2*g + 759, 0 = g. Calculate the highest common divisor of 23 and l.
23
Suppose 3*t = -7*t + 780. What is the highest common divisor of 52 and t?
26
Let a be (3 + -5)/((-8)/12). Calculate the highest common factor of 1 and a.
1
Suppose 0 = -y - l + 27, 3*y + 0*l - 106 = 2*l. What is the highest common factor of 8 and y?
8
Suppose -2*n = -80 - 0. Suppose -p - l + 9 = 3*l, 10 = 3*p - 5*l. What is the highest common factor of n and p?
5
Let a(f) = 30*f - 1. Let b(m) = -30*m + 1. Let z(g) = 3*a(g) + 4*b(g). Let i be z(-4). Let u be i - (0 - 0 - 0). What is the greatest common factor of u and 11?
11
Suppose 5*j = -3*v + 216, -j + 48 = v - 2*v. What is the greatest common divisor of 30 and j?
15
Let v(u) = u**2 - 5*u + 18. Let z be v(8). What is the highest common divisor of z and 28?
14
Suppose 5*l - 60 = -5*o, l + 2*o = 4*o. What is the highest common divisor of l and 6?
2
Suppose -4*i - i + 10 = 0. Let c be i/(-8) - (-918)/24. Let y = c - -42. What is the highest common factor of y and 10?
10
Suppose -3*y = t + 370, -4*y - t - 490 = t. Let x = y + 195. Calculate the highest common divisor of x and 28.
14
Suppose 356 = 4*r + 4*s, 2*r = -2*r + s + 361. Calculate the greatest common factor of 10 and r.
10
Let k(w) = 13*w**2 - 21*w + 33. Let u(c) = 3*c**2 - 5*c + 8. Let s(x) = -2*k(x) + 9*u(x). Let i be s(4). Calculate the highest common factor of 5 and i.
5
Suppose s - 157 = -5*k, -5*s - 39 = -5*k + 136. Suppose -16 = 7*n - 3*n. Let m be n*(2 - (-18)/(-3)). What is the greatest common divisor of k and m?
16
Let d(i) = -i**3 + 5*i**2 + 6*i. Let f be d(6). Let m = f + 4. Let c be 66*(-2)/(m/(-3)). Calculate the highest common factor of 9 and c.
9
Let k(f) = -6*f. Let u be k(2). Let i(v) = -v**2 + 4*v. Let p be i(4). Let z be (p + -1)/(2/u). Calculate the highest common divisor of 6 and z.
6
Let b be (-4)/1 - 58*4/(-8). Calculate the greatest common divisor of b and 225.
25
Let p(n) = -2*n**2 + 13*n + 8. Let l be p(7). What is the greatest common factor of l and 5?
1
Let p = -48 + 113. What is the greatest common divisor of 13 and p?
13
Let q be (-902)/(-6) + 3/(-9). What is the highest common divisor of 25 and q?
25
Let r(n) = -11 + 0*n + 8*n**2 + n**3 + 3*n**2 + 5*n + n. Let v be r(-7). Let x(q) = q**2 + q + 1. Let h be x(3). What is the highest